{"id":987,"date":"2024-10-15T15:37:57","date_gmt":"2024-10-15T12:37:57","guid":{"rendered":"https:\/\/antumois.ee\/pood\/?post_type=product&#038;p=987"},"modified":"2026-01-20T10:53:46","modified_gmt":"2026-01-20T08:53:46","slug":"antu-gurmee-mahekana-lastevorst-300-g","status":"publish","type":"product","link":"https:\/\/antumois.ee\/pood\/product\/antu-gurmee-mahekana-lastevorst-300-g\/","title":{"rendered":"\u00c4ntu Gurmee mahekana lastevorst 300 g"},"content":{"rendered":"<div class=\"fusion-text fusion-text-11\">\n<div>\n<p>\u00c4ntu Gurmee keeduvorst on mahe suut\u00e4is lihakat vorsti.<br \/>\n\u00c4ntu Gurmee tooteid \u00fchendab kvaliteetne mahetooraine ja valitud maitseained mahep\u00f5llumajandusest. \u00c4ntu Gurmee ja Kikerikii br\u00e4ndid kuuluvad L\u00e4\u00e4ne-Virumaal \u00c4ntus asuvale \u00c4ntu M\u00f5is O\u00dc-le, kus oleme mahemune tootnud 2008. aastast ja mahebroilereid kasvatanud 2022. aastast. Meie mahebroilerid on kasvanud \u00c4ntu m\u00f5isas ja tooted on valminud koost\u00f6\u00f6s SirLoin O\u00dc Metsla lihat\u00f6\u00f6stusega J\u00e4rvamaal.<\/p>\n<\/div>\n<div><\/div>\n<\/div>\n","protected":false},"excerpt":{"rendered":"<div class=\"fusion-text fusion-text-11\">\n<p>20.85 \u20ac\/kg<\/p>\n<p>Maheda maitsega kergelt suitsune keeduvorst.<\/p>\n<div>\n<p><strong>\u00c4ntu Gurmee mahekana lastevorst 300 g<\/strong><\/p>\n<p>Koostisosad: kana-broileriliha* (76%), vesi, kana-broilerinahk*, meresool, dekstroos*, riisijahu*, maltodekstriin*, vu\u0308rtsid*, antioksu\u0308dandid: askorbiinhape ja naatriumaskorbaat, starterkultuur.<\/p>\n<p>* Kontrollitud mahep\u00f5llumajandusest.<\/p>\n<p>100 g toodet sisaldab keskmiselt: energiasisaldus 648 kJ\/156 kcal, rasvu 10,3 g, sh ku\u0308llastunud rasvhappeid 3,1 g, su\u0308sivesikuid 1,4 g, sh suhkruid 0,7 g, valke 14,3 g, soola 2 g.<\/p>\n<p>Vorstikest ei ole s\u00f6\u00f6dav.<\/p>\n<p>S\u00e4ilitada temperatuuril: +2\u2026 +6 \u00b0C.<\/p>\n<p>Avatud pakendis tarvitada 48 h jooksul.<\/p>\n<\/div>\n<\/div>\n","protected":false},"featured_media":1026,"template":"","meta":[],"product_brand":[51],"product_cat":[40],"product_tag":[],"class_list":{"0":"post-987","1":"product","2":"type-product","3":"status-publish","4":"has-post-thumbnail","6":"product_brand-antu-gurmee","7":"product_cat-antu-gurmee-valmistooted","9":"first","10":"instock","11":"taxable","12":"shipping-taxable","13":"purchasable","14":"product-type-simple"},"yoast_head":"<!-- This site is optimized with the Yoast SEO plugin v26.9 - https:\/\/yoast.com\/product\/yoast-seo-wordpress\/ -->\n<title>\u00c4ntu Gurmee mahekana lastevorst 300 g - \u00c4ntu M\u00f5is e-pood<\/title>\n<meta name=\"description\" content=\"Maheda maitsega kergelt suitsune keeduvorst.\" \/>\n<meta name=\"robots\" content=\"index, follow, max-snippet:-1, max-image-preview:large, max-video-preview:-1\" \/>\n<link rel=\"canonical\" href=\"https:\/\/antumois.ee\/pood\/product\/antu-gurmee-mahekana-lastevorst-300-g\/\" \/>\n<meta property=\"og:locale\" content=\"et_EE\" \/>\n<meta property=\"og:type\" content=\"article\" \/>\n<meta property=\"og:title\" content=\"\u00c4ntu Gurmee mahekana lastevorst 300 g - \u00c4ntu M\u00f5is e-pood\" \/>\n<meta property=\"og:description\" content=\"Maheda maitsega kergelt suitsune keeduvorst.\" \/>\n<meta property=\"og:url\" content=\"https:\/\/antumois.ee\/pood\/product\/antu-gurmee-mahekana-lastevorst-300-g\/\" \/>\n<meta property=\"og:site_name\" content=\"\u00c4ntu M\u00f5is e-pood\" \/>\n<meta property=\"article:publisher\" content=\"https:\/\/www.facebook.com\/antumois.kikerikii\" \/>\n<meta property=\"article:modified_time\" content=\"2026-01-20T08:53:46+00:00\" \/>\n<meta property=\"og:image\" content=\"https:\/\/antumois.ee\/pood\/wp-content\/uploads\/2024\/10\/Lastevorst-mahekana-800x800.png\" \/>\n\t<meta property=\"og:image:width\" content=\"800\" \/>\n\t<meta property=\"og:image:height\" content=\"800\" \/>\n\t<meta property=\"og:image:type\" content=\"image\/png\" \/>\n<meta name=\"twitter:card\" content=\"summary_large_image\" \/>\n<meta name=\"twitter:label1\" content=\"Est. reading time\" \/>\n\t<meta name=\"twitter:data1\" content=\"1 minut\" \/>\n<script type=\"application\/ld+json\" class=\"yoast-schema-graph\">{\"@context\":\"https:\/\/schema.org\",\"@graph\":[{\"@type\":\"WebPage\",\"@id\":\"https:\/\/antumois.ee\/pood\/product\/antu-gurmee-mahekana-lastevorst-300-g\/\",\"url\":\"https:\/\/antumois.ee\/pood\/product\/antu-gurmee-mahekana-lastevorst-300-g\/\",\"name\":\"\u00c4ntu Gurmee mahekana lastevorst 300 g - \u00c4ntu M\u00f5is e-pood\",\"isPartOf\":{\"@id\":\"https:\/\/antumois.ee\/pood\/#website\"},\"primaryImageOfPage\":{\"@id\":\"https:\/\/antumois.ee\/pood\/product\/antu-gurmee-mahekana-lastevorst-300-g\/#primaryimage\"},\"image\":{\"@id\":\"https:\/\/antumois.ee\/pood\/product\/antu-gurmee-mahekana-lastevorst-300-g\/#primaryimage\"},\"thumbnailUrl\":\"https:\/\/antumois.ee\/pood\/wp-content\/uploads\/2024\/10\/Lastevorst-mahekana.png\",\"datePublished\":\"2024-10-15T12:37:57+00:00\",\"dateModified\":\"2026-01-20T08:53:46+00:00\",\"description\":\"Maheda maitsega kergelt suitsune keeduvorst.\",\"breadcrumb\":{\"@id\":\"https:\/\/antumois.ee\/pood\/product\/antu-gurmee-mahekana-lastevorst-300-g\/#breadcrumb\"},\"inLanguage\":\"et\",\"potentialAction\":[{\"@type\":\"ReadAction\",\"target\":[\"https:\/\/antumois.ee\/pood\/product\/antu-gurmee-mahekana-lastevorst-300-g\/\"]}]},{\"@type\":\"ImageObject\",\"inLanguage\":\"et\",\"@id\":\"https:\/\/antumois.ee\/pood\/product\/antu-gurmee-mahekana-lastevorst-300-g\/#primaryimage\",\"url\":\"https:\/\/antumois.ee\/pood\/wp-content\/uploads\/2024\/10\/Lastevorst-mahekana.png\",\"contentUrl\":\"https:\/\/antumois.ee\/pood\/wp-content\/uploads\/2024\/10\/Lastevorst-mahekana.png\",\"width\":4000,\"height\":4000},{\"@type\":\"BreadcrumbList\",\"@id\":\"https:\/\/antumois.ee\/pood\/product\/antu-gurmee-mahekana-lastevorst-300-g\/#breadcrumb\",\"itemListElement\":[{\"@type\":\"ListItem\",\"position\":1,\"name\":\"Home\",\"item\":\"https:\/\/antumois.ee\/pood\/\"},{\"@type\":\"ListItem\",\"position\":2,\"name\":\"Shop\",\"item\":\"https:\/\/antumois.ee\/pood\/\"},{\"@type\":\"ListItem\",\"position\":3,\"name\":\"\u00c4ntu Gurmee mahekana lastevorst 300 g\"}]},{\"@type\":\"WebSite\",\"@id\":\"https:\/\/antumois.ee\/pood\/#website\",\"url\":\"https:\/\/antumois.ee\/pood\/\",\"name\":\"\u00c4ntu M\u00f5is e-pood\",\"description\":\"\u00c4ntu M\u00f5is e-pood\",\"publisher\":{\"@id\":\"https:\/\/antumois.ee\/pood\/#organization\"},\"potentialAction\":[{\"@type\":\"SearchAction\",\"target\":{\"@type\":\"EntryPoint\",\"urlTemplate\":\"https:\/\/antumois.ee\/pood\/?s={search_term_string}\"},\"query-input\":{\"@type\":\"PropertyValueSpecification\",\"valueRequired\":true,\"valueName\":\"search_term_string\"}}],\"inLanguage\":\"et\"},{\"@type\":\"Organization\",\"@id\":\"https:\/\/antumois.ee\/pood\/#organization\",\"name\":\"\u00c4ntu M\u00f5is e-pood\",\"url\":\"https:\/\/antumois.ee\/pood\/\",\"logo\":{\"@type\":\"ImageObject\",\"inLanguage\":\"et\",\"@id\":\"https:\/\/antumois.ee\/pood\/#\/schema\/logo\/image\/\",\"url\":\"https:\/\/antumois.ee\/pood\/wp-content\/uploads\/2022\/11\/Kikerikiiantu_logo.png\",\"contentUrl\":\"https:\/\/antumois.ee\/pood\/wp-content\/uploads\/2022\/11\/Kikerikiiantu_logo.png\",\"width\":266,\"height\":193,\"caption\":\"\u00c4ntu M\u00f5is e-pood\"},\"image\":{\"@id\":\"https:\/\/antumois.ee\/pood\/#\/schema\/logo\/image\/\"},\"sameAs\":[\"https:\/\/www.facebook.com\/antumois.kikerikii\",\"https:\/\/www.instagram.com\/antu.kikerikii\/\"]}]}<\/script>\n<!-- \/ Yoast SEO plugin. -->","yoast_head_json":{"title":"\u00c4ntu Gurmee mahekana lastevorst 300 g - \u00c4ntu M\u00f5is e-pood","description":"Maheda maitsega kergelt suitsune keeduvorst.","robots":{"index":"index","follow":"follow","max-snippet":"max-snippet:-1","max-image-preview":"max-image-preview:large","max-video-preview":"max-video-preview:-1"},"canonical":"https:\/\/antumois.ee\/pood\/product\/antu-gurmee-mahekana-lastevorst-300-g\/","og_locale":"et_EE","og_type":"article","og_title":"\u00c4ntu Gurmee mahekana lastevorst 300 g - \u00c4ntu M\u00f5is e-pood","og_description":"Maheda maitsega kergelt suitsune keeduvorst.","og_url":"https:\/\/antumois.ee\/pood\/product\/antu-gurmee-mahekana-lastevorst-300-g\/","og_site_name":"\u00c4ntu M\u00f5is e-pood","article_publisher":"https:\/\/www.facebook.com\/antumois.kikerikii","article_modified_time":"2026-01-20T08:53:46+00:00","og_image":[{"width":800,"height":800,"url":"https:\/\/antumois.ee\/pood\/wp-content\/uploads\/2024\/10\/Lastevorst-mahekana-800x800.png","type":"image\/png"}],"twitter_card":"summary_large_image","twitter_misc":{"Est. reading time":"1 minut"},"schema":{"@context":"https:\/\/schema.org","@graph":[{"@type":"WebPage","@id":"https:\/\/antumois.ee\/pood\/product\/antu-gurmee-mahekana-lastevorst-300-g\/","url":"https:\/\/antumois.ee\/pood\/product\/antu-gurmee-mahekana-lastevorst-300-g\/","name":"\u00c4ntu Gurmee mahekana lastevorst 300 g - \u00c4ntu M\u00f5is e-pood","isPartOf":{"@id":"https:\/\/antumois.ee\/pood\/#website"},"primaryImageOfPage":{"@id":"https:\/\/antumois.ee\/pood\/product\/antu-gurmee-mahekana-lastevorst-300-g\/#primaryimage"},"image":{"@id":"https:\/\/antumois.ee\/pood\/product\/antu-gurmee-mahekana-lastevorst-300-g\/#primaryimage"},"thumbnailUrl":"https:\/\/antumois.ee\/pood\/wp-content\/uploads\/2024\/10\/Lastevorst-mahekana.png","datePublished":"2024-10-15T12:37:57+00:00","dateModified":"2026-01-20T08:53:46+00:00","description":"Maheda maitsega kergelt suitsune keeduvorst.","breadcrumb":{"@id":"https:\/\/antumois.ee\/pood\/product\/antu-gurmee-mahekana-lastevorst-300-g\/#breadcrumb"},"inLanguage":"et","potentialAction":[{"@type":"ReadAction","target":["https:\/\/antumois.ee\/pood\/product\/antu-gurmee-mahekana-lastevorst-300-g\/"]}]},{"@type":"ImageObject","inLanguage":"et","@id":"https:\/\/antumois.ee\/pood\/product\/antu-gurmee-mahekana-lastevorst-300-g\/#primaryimage","url":"https:\/\/antumois.ee\/pood\/wp-content\/uploads\/2024\/10\/Lastevorst-mahekana.png","contentUrl":"https:\/\/antumois.ee\/pood\/wp-content\/uploads\/2024\/10\/Lastevorst-mahekana.png","width":4000,"height":4000},{"@type":"BreadcrumbList","@id":"https:\/\/antumois.ee\/pood\/product\/antu-gurmee-mahekana-lastevorst-300-g\/#breadcrumb","itemListElement":[{"@type":"ListItem","position":1,"name":"Home","item":"https:\/\/antumois.ee\/pood\/"},{"@type":"ListItem","position":2,"name":"Shop","item":"https:\/\/antumois.ee\/pood\/"},{"@type":"ListItem","position":3,"name":"\u00c4ntu Gurmee mahekana lastevorst 300 g"}]},{"@type":"WebSite","@id":"https:\/\/antumois.ee\/pood\/#website","url":"https:\/\/antumois.ee\/pood\/","name":"\u00c4ntu M\u00f5is e-pood","description":"\u00c4ntu M\u00f5is e-pood","publisher":{"@id":"https:\/\/antumois.ee\/pood\/#organization"},"potentialAction":[{"@type":"SearchAction","target":{"@type":"EntryPoint","urlTemplate":"https:\/\/antumois.ee\/pood\/?s={search_term_string}"},"query-input":{"@type":"PropertyValueSpecification","valueRequired":true,"valueName":"search_term_string"}}],"inLanguage":"et"},{"@type":"Organization","@id":"https:\/\/antumois.ee\/pood\/#organization","name":"\u00c4ntu M\u00f5is e-pood","url":"https:\/\/antumois.ee\/pood\/","logo":{"@type":"ImageObject","inLanguage":"et","@id":"https:\/\/antumois.ee\/pood\/#\/schema\/logo\/image\/","url":"https:\/\/antumois.ee\/pood\/wp-content\/uploads\/2022\/11\/Kikerikiiantu_logo.png","contentUrl":"https:\/\/antumois.ee\/pood\/wp-content\/uploads\/2022\/11\/Kikerikiiantu_logo.png","width":266,"height":193,"caption":"\u00c4ntu M\u00f5is e-pood"},"image":{"@id":"https:\/\/antumois.ee\/pood\/#\/schema\/logo\/image\/"},"sameAs":["https:\/\/www.facebook.com\/antumois.kikerikii","https:\/\/www.instagram.com\/antu.kikerikii\/"]}]}},"jetpack_sharing_enabled":true,"_links":{"self":[{"href":"https:\/\/antumois.ee\/pood\/wp-json\/wp\/v2\/product\/987","targetHints":{"allow":["GET"]}}],"collection":[{"href":"https:\/\/antumois.ee\/pood\/wp-json\/wp\/v2\/product"}],"about":[{"href":"https:\/\/antumois.ee\/pood\/wp-json\/wp\/v2\/types\/product"}],"wp:featuredmedia":[{"embeddable":true,"href":"https:\/\/antumois.ee\/pood\/wp-json\/wp\/v2\/media\/1026"}],"wp:attachment":[{"href":"https:\/\/antumois.ee\/pood\/wp-json\/wp\/v2\/media?parent=987"}],"wp:term":[{"taxonomy":"product_brand","embeddable":true,"href":"https:\/\/antumois.ee\/pood\/wp-json\/wp\/v2\/product_brand?post=987"},{"taxonomy":"product_cat","embeddable":true,"href":"https:\/\/antumois.ee\/pood\/wp-json\/wp\/v2\/product_cat?post=987"},{"taxonomy":"product_tag","embeddable":true,"href":"https:\/\/antumois.ee\/pood\/wp-json\/wp\/v2\/product_tag?post=987"}],"curies":[{"name":"wp","href":"https:\/\/api.w.org\/{rel}","templated":true}]}}